what is -106 - 3?
-111
In base 16, what is -558 + 3?
-555
In base 4, what is -1 + 200?
133
In base 2, what is -1011101 + 101110?
-101111
In base 3, what is 12 + -22020?
-22001
In base 11, what is -6a + -20?
-8a
In base 10, what is -81 + 5?
-76
In base 8, what is -20 + -13?
-33
In base 15, what is -a - 2?
-c
In base 6, what is 4234 - 5?
4225
In base 5, what is -23 - -4?
-14
In base 7, what is -1263 - 2?
-1265
In base 7, what is -12 - -25?
13
In base 10, what is 118 + -3?
115
In base 13, what is -61 - 1b?
-7c
In base 11, what is -4 - 1012?
-1016
In base 7, what is -10 - 6043?
-6053
In base 16, what is -5 - -4?
-1
In base 3, what is -22112111 + 12?
-22112022
In base 12, what is 2 + -341?
-33b
In base 15, what is 149 - 1?
148
In base 3, what is 11220 - -1110?
20100
In base 4, what is 212 - 311?
-33
In base 16, what is -49e7 + 1?
-49e6
In base 14, what is 9 - 67?
-5c
In base 15, what is -47 - -4?
-43
In base 13, what is -a + -18?
-25
In base 10, what is -917 + 0?
-917
In base 3, what is -11 - -22110?
22022
In base 11, what is 0 - -173?
173
In base 7, what is 11 + -35?
-24
In base 11, what is -190 - 3?
-193
In base 8, what is -555 - -5?
-550
In base 5, what is -1 - 213?
-214
In base 10, what is -2 - -44?
42
In base 15, what is 228 - 5?
223
In base 7, what is 50503 + 1?
50504
In base 6, what is 5 - -100?
105
In base 13, what is 78 + 4?
7c
In base 10, what is 11 + -1?
10
In base 5, what is 131 - 101?
30
In base 5, what is -1 - -12110?
12104
In base 6, what is 352 + -14?
334
In base 10, what is 1 + -99?
-98
In base 16, what is -c - -19?
d
In base 9, what is 224 + -24?
200
In base 14, what is 5 + a6b?
a72
In base 10, what is -3 - -3161?
3158
In base 8, what is 11 - 33?
-22
In base 15, what is -2 - -1dd?
1db
In base 12, what is -25b2 + -2?
-25b4
In base 9, what is 54 + -7?
46
In base 3, what is -11 + -22120?
-22201
In base 6, what is 11 - -122?
133
In base 16, what is 2 + 43?
45
In base 3, what is 12 + -2012?
-2000
In base 3, what is -1112100222 - -10?
-1112100212
In base 16, what is d + 6?
13
In base 2, what is 10001111 - -11100?
10101011
In base 10, what is -126 - -3?
-123
In base 7, what is -1624 - 5?
-1632
In base 6, what is -134 - 1?
-135
In base 16, what is -38 - -5?
-33
In base 15, what is 5 - -b1?
b6
In base 11, what is -1081 - 0?
-1081
In base 11, what is 2a - 7?
23
In base 10, what is -668 - 1?
-669
In base 16, what is a + -23?
-19
In base 10, what is 4 + 358?
362
In base 10, what is 24 + -62?
-38
In base 2, what is 11110101010 - -10?
11110101100
In base 4, what is -1122 - -10?
-1112
In base 7, what is 1 + 125?
126
In base 11, what is 5 + -263?
-259
In base 9, what is -6446 + -5?
-6452
In base 4, what is 0 + 1220122?
1220122
In base 2, what is 10000 - -11?
10011
In base 11, what is -3 + 61?
59
In base 3, what is 12 + 1021?
1110
In base 5, what is -1 - 120?
-121
In base 13, what is 8b - 3?
88
In base 8, what is -2 - 13613?
-13615
In base 16, what is -3e + -4d?
-8b
In base 4, what is -3202023 + 1?
-3202022
In base 10, what is 203 + 5?
208
In base 3, what is 1110 - -120?
2000
In base 12, what is -5 + b3?
aa
In base 8, what is 2 + -43?
-41
In base 8, what is 2 + -13?
-11
In base 10, what is -9 + 5?
-4
In base 5, what is -4 - 4?
-13
In base 5, what is 1003324 + -4?
1003320
In base 15, what is -5b2 - 3?
-5b5
In base 6, what is -14 - -444?
430
In base 14, what is -6b + -6?
-73
In base 14, what is 5 + 1d?
24
In base 6, what is -2345 + 1?
-2344
In base 6, what is 5 + 14?
23
In base 11, what is -2 - -101?
aa
In base 16, what is -5 + a9?
a4
In base 11, what is -1 + -4796?
-4797
In base 5, what is 2 + 1313?
1320
In base 12, what is 128 + 0?
128
In base 8, what is 112 - 12?
100
In base 15, what is 198 - -1?
199
In base 9, what is -5 + -152?
-157
In base 13, what is -a641 - -5?
-a639
In base 12, what is 1593 - 1?
1592
In base 13, what is -51 + 0?
-51
In base 11, what is 4 + -59?
-55
In base 7, what is 25 - 53?
-25
In base 6, what is 11 - -1?
12
In base 7, what is 33 - -123?
156
In base 14, what is -3 - 14b8?
-14bb
In base 12, what is -4 + 10?
8
In base 9, what is -1858 + -1?
-1860
In base 7, what is -51 - 142?
-223
In base 11, what is 1 - 64?
-63
In base 6, what is -1431 - 5?
-1440
In base 9, what is 22881 - 4?
22876
In base 5, what is 2 + -334?
-332
In base 4, what is -201203 - 11?
-201220
In base 12, what is 42 + b?
51
In base 2, what is -11 + -11?
-110
In base 16, what is -4 + -99d?
-9a1
In base 11, what is 333 - -30?
363
In base 12, what is -9 + -4?
-11
In base 8, what is -4 + 27?
23
In base 13, what is 5 - -258?
260
In base 16, what is 6 + -14?
-e
In base 8, what is 2177 - -4?
2203
In base 6, what is 15 + 10?
25
In base 9, what is 5 + 28?
34
In base 9, what is 1140 + -4?
1135
In base 3, what is -10 + -1200?
-1210
In base 2, what is 111 - -1001010?
1010001
In base 13, what is -5 + -9c?
-a4
In base 6, what is -1133 - 4?
-1141
In base 3, what is 222111 - 0?
222111
In base 13, what is 5 + -34?
-2c
In base 2, what is 10 + -1011?
-1001
In base 12, what is -13877 - 0?
-13877
In base 11, what is -40 - -3?
-38
In base 12, what is 1a55 + 3?
1a58
In base 8, what is 2 + 31?
33
In base 4, what is 10 + 103130?
103200
In base 16, what is 1e + 4?
22
In base 15, what is -2eb - 3?
-2ee
In base 14, what is 5a - b?
4d
In base 7, what is -23 - 324?
-350
In base 5, what is -1132 + 4?
-1123
In base 16, what is 7f + -3?
7c
In base 16, what is -f - 5?
-14
In base 13, what is 3 + 8?
b
In base 16, what is a72 + -2?
a70
In base 12, what is -4 + a1?
99
In base 2, what is 100 - -10101?
11001
In base 4, what is 2 + -11122?
-11120
In base 14, what is -1 - -15?
14
In base 13, what is c - -22?
31
In base 10, what is -284 + 3?
-281
In base 4, what is 3033 + -30?
3003
In base 14, what is 5 + 9c?
a3
In base 8, what is 20 + 245?
265
In base 16, what is 3 - -8?
b
In base 16, what is 5 - -60?
65
In base 6, what is -1 - -34?
33
In base 15, what is 28 + 10?
38
In base 13, what is -188 + a?
-17b
In base 2, what is 110 + -10000110?
-10000000
In base 3, what is -21212 - -11222?
-2220
In base 4, what is 0 + -31131?
-31131
In base 5, what is 0 - -2441?
2441
In base 12, what is -1a - 84?
-a2
In base 9, what is 2 - -26?
28
In base 13, what is 4 + 2ab7?
2abb
In base 3, what is 22 - 10100?
-10001
In base 11, what is -1 - -32?
31
In base 7, what is 1225 - 65?
1130
In base 16, what is 20 - 4?
1c
In base 4, what is -320 + 10?
-310
In base 3, what is 1210202 + 2?
1210211
In base 3, what is -22112011 + 11?
-22112000
In base 8, what is -4652 - 3?
-4655
In base 6, what is 2211 - -3?
2214
In base 7, what is 1 + 3415?
3416
In base 5, what is -4 - 32?
-41
In base 3, what is 1100010 - 10?
1100000
In base 8, what is -21 - -202?
161
In base 3, what is 11 + -12010?
-11222
In base 7, what is -5 + -144?
-152
In base 3, what is 10 + -110102?
-110022
In base 6, what is -43 + -52?
-135
In base 16, what is 0 - 76d?
-76d
In base 12, what is -14 - -4a?
36
In base 14, what is -7 + -2c4?
-2cb
In base 3, what is -110 + -21?
-201
In base 9, what is 0 - -47?
47
In base 13, what is 7c05 + -2?
7c03
In base 12, what is 4 + -26?
-22
In base 3, what is 112221211 + 1?
112221212
In base 6, what is -13 - -54?
41
In base 12, what is -36 - 7?
-41
In base 8, what is -5 + 666?
661
In base 3, what is 1101 - 10?
1021
In base 2, what is -100 + 1100011001?
1100010101
In base 16, what is -bd + 1?
-bc
In base 15, what is b - -121?
12c
In base 12, what is -5 + -105?
-10a
In base 3, what is 1111010 - 1?
1111002
In base 8, what is -12 + 56?
44
In base 12, what is -4 - 57?
-5b
In base 6, what is -544 + -11?
-555
In base 15, what is -551 - -5?
-54b
In base 16, what is 99 - -50?
e9
In base 8, what is -20 - -2?
-16
In base 3, what is 121000 + 1?
121001
In base 5, what is 102044 + 1?
102100
In base 9, what is 103 + 318?
422
In base 16, what is -80 + 1c?
-64
In base 13, what is 42 + -5?
3a
In base 12, what is -37 - -1?
-36
In base 7, what is 12 - 30?
-15
In base 3, what is 2 + -22?
-20
In base 7, what is -2 - -24?
22
In base 13, what is 3 - 488?
-485
In base 2, what is -11 + -100?
-111
In base 16, what is 27 - -35?
5c
In base 13, what is 8a61 - 3?
8a5b
In base 15, what is 5 - 523?
-51d
In base 15, what is 0 - d6?
-d6
In base 7, what is -3415 + 3?
-3412
In base 5, what is 1342 + 0?
1342
In base 9, what is 7285 - 1?
7284
In base 16, what is -2 - 44?
-46